{"id":924,"date":"2019-05-01T17:45:29","date_gmt":"2019-05-01T16:45:29","guid":{"rendered":"http:\/\/micks-touren.de\/?page_id=924"},"modified":"2019-10-26T21:05:21","modified_gmt":"2019-10-26T20:05:21","slug":"hamburg-2019","status":"publish","type":"page","link":"https:\/\/micks-touren.de\/?page_id=924","title":{"rendered":"Hamburg (2019)"},"content":{"rendered":"\n<p>Mein erster Trip 2019 f\u00fchrte mich 5 Tage nach Hamburg &#8211; zu meinem ersten Jahrestreffen des Vereins Mensa in Deutschland e.V.  Das Organisations-Team von Hamburg hatte rund um die j\u00e4hrliche Mitgliederversammlung ein riesiges Programm geplant, weit \u00fcber 300 Events, Veranstaltungen, Besichtigungen, Ausfl\u00fcge, &#8230; f\u00fcr jeden Geschmack war etwas dabei. Einige der Angebote waren schon eine halbe Stunde nach Ver\u00f6ffentlichung ausgebucht, aber das, was ich machen wollte, konnte ich verwirklichen.<\/p>\n\n\n\n<div class=\"wp-block-image\"><figure class=\"aligncenter\"><img loading=\"lazy\" decoding=\"async\" width=\"1024\" height=\"768\" src=\"https:\/\/micks-touren.de\/wp-content\/uploads\/2019\/05\/Ham01-1024x768.jpg\" alt=\"\" class=\"wp-image-926\" srcset=\"https:\/\/micks-touren.de\/wp-content\/uploads\/2019\/05\/Ham01-1024x768.jpg 1024w, https:\/\/micks-touren.de\/wp-content\/uploads\/2019\/05\/Ham01-300x225.jpg 300w, https:\/\/micks-touren.de\/wp-content\/uploads\/2019\/05\/Ham01-768x576.jpg 768w, https:\/\/micks-touren.de\/wp-content\/uploads\/2019\/05\/Ham01-150x113.jpg 150w, https:\/\/micks-touren.de\/wp-content\/uploads\/2019\/05\/Ham01.jpg 1200w\" sizes=\"auto, (max-width: 1024px) 100vw, 1024px\" \/><\/figure><\/div>\n\n\n\n<p>Hamburg ist ja eine der gr\u00f6\u00dften St\u00e4dte Deutschlands, und man kann hier ohne Probleme eine Woche verbringen und trotzdem nicht alles sehen. Zum Gl\u00fcck gibt es einen wirklich guten Nahverkehr.<\/p>\n\n\n\n<div class=\"wp-block-image\"><figure class=\"aligncenter\"><img loading=\"lazy\" decoding=\"async\" width=\"1024\" height=\"768\" src=\"https:\/\/micks-touren.de\/wp-content\/uploads\/2019\/05\/Ham02-1024x768.jpg\" alt=\"\" class=\"wp-image-927\" srcset=\"https:\/\/micks-touren.de\/wp-content\/uploads\/2019\/05\/Ham02-1024x768.jpg 1024w, https:\/\/micks-touren.de\/wp-content\/uploads\/2019\/05\/Ham02-300x225.jpg 300w, https:\/\/micks-touren.de\/wp-content\/uploads\/2019\/05\/Ham02-768x576.jpg 768w, https:\/\/micks-touren.de\/wp-content\/uploads\/2019\/05\/Ham02-150x113.jpg 150w, https:\/\/micks-touren.de\/wp-content\/uploads\/2019\/05\/Ham02.jpg 1200w\" sizes=\"auto, (max-width: 1024px) 100vw, 1024px\" \/><\/figure><\/div>\n\n\n\n<p>Mein erster Trip f\u00fchrte mich ins Miniatur-Wunderland in der Speicherstadt, eine Sache, die man unbedingt gesehen haben muss. Eine Tageskarte kostet 15 Euro, eine 60-min\u00fctige F\u00fchrung hinter den Kulissen noch einmal so viel &#8230; aber beides lohnt sich ! Gerade bei der F\u00fchrung sieht man viele Dinge, die man beim normalen Rundgang nicht erkennen kann. Die Mitarbeiter haben, je nach Neigung, ihre eigenen Gimmicks installiert. <\/p>\n\n\n\n<div class=\"wp-block-image\"><figure class=\"aligncenter\"><img loading=\"lazy\" decoding=\"async\" width=\"1024\" height=\"768\" src=\"https:\/\/micks-touren.de\/wp-content\/uploads\/2019\/05\/Ham03-1024x768.jpg\" alt=\"\" class=\"wp-image-929\" srcset=\"https:\/\/micks-touren.de\/wp-content\/uploads\/2019\/05\/Ham03-1024x768.jpg 1024w, https:\/\/micks-touren.de\/wp-content\/uploads\/2019\/05\/Ham03-300x225.jpg 300w, https:\/\/micks-touren.de\/wp-content\/uploads\/2019\/05\/Ham03-768x576.jpg 768w, https:\/\/micks-touren.de\/wp-content\/uploads\/2019\/05\/Ham03-150x113.jpg 150w, https:\/\/micks-touren.de\/wp-content\/uploads\/2019\/05\/Ham03.jpg 1200w\" sizes=\"auto, (max-width: 1024px) 100vw, 1024px\" \/><figcaption>Rom im Format 1:87<\/figcaption><\/figure><\/div>\n\n\n\n<div class=\"wp-block-image\"><figure class=\"aligncenter\"><img loading=\"lazy\" decoding=\"async\" width=\"1024\" height=\"576\" src=\"https:\/\/micks-touren.de\/wp-content\/uploads\/2019\/05\/Ham04-1024x576.jpg\" alt=\"\" class=\"wp-image-930\" srcset=\"https:\/\/micks-touren.de\/wp-content\/uploads\/2019\/05\/Ham04-1024x576.jpg 1024w, https:\/\/micks-touren.de\/wp-content\/uploads\/2019\/05\/Ham04-300x169.jpg 300w, https:\/\/micks-touren.de\/wp-content\/uploads\/2019\/05\/Ham04-768x432.jpg 768w, https:\/\/micks-touren.de\/wp-content\/uploads\/2019\/05\/Ham04-150x84.jpg 150w, https:\/\/micks-touren.de\/wp-content\/uploads\/2019\/05\/Ham04.jpg 1200w\" sizes=\"auto, (max-width: 1024px) 100vw, 1024px\" \/><figcaption>Skandinavien<\/figcaption><\/figure><\/div>\n\n\n\n<p>Was sich die Macher im Laufe der Jahre haben einfallen lassen, ist einfach gigantisch: Alle paar Minuten wird zum Beispiel die Beleuchtung gedimmt und eine Nacht simuliert. Alle Fahrzeuge leuchten dann. Viele fahren auch durch die Gegend, nicht nur Z\u00fcge, sondern auch PKWs, LKWs, Schiffe &#8230; Es gibt geschaltete Ampeln, Stra\u00dfenbeleuchtung und viele weitere Kleinigkeiten, die das reale Leben nachbilden.<\/p>\n\n\n\n<div class=\"wp-block-image\"><figure class=\"aligncenter\"><img loading=\"lazy\" decoding=\"async\" width=\"1024\" height=\"576\" src=\"https:\/\/micks-touren.de\/wp-content\/uploads\/2019\/05\/Ham05-1024x576.jpg\" alt=\"\" class=\"wp-image-931\" srcset=\"https:\/\/micks-touren.de\/wp-content\/uploads\/2019\/05\/Ham05-1024x576.jpg 1024w, https:\/\/micks-touren.de\/wp-content\/uploads\/2019\/05\/Ham05-300x169.jpg 300w, https:\/\/micks-touren.de\/wp-content\/uploads\/2019\/05\/Ham05-768x432.jpg 768w, https:\/\/micks-touren.de\/wp-content\/uploads\/2019\/05\/Ham05-150x84.jpg 150w, https:\/\/micks-touren.de\/wp-content\/uploads\/2019\/05\/Ham05.jpg 1200w\" sizes=\"auto, (max-width: 1024px) 100vw, 1024px\" \/><figcaption>Eins der normalerweise nicht sichtbaren Gimmicks: Harry Potter und der dunkle Lord<\/figcaption><\/figure><\/div>\n\n\n\n<p> Leider war meine Zeit ziemlich begrenzt, weil der n\u00e4chste Termin schon wartete. Und der hie\u00df: Werksbesichtigung bei Airbus !<\/p>\n\n\n\n<p>Zum Airbus-Gel\u00e4nde kann man u.a. mit der Buslinie 150 fahren. In den fast 40 Minuten Fahrt kommt man an Teilen des Hafens vorbei. Leider mussten wir bei der Werksf\u00fchrung dann die Handys ausschalten (Fotografier-Verbot !), deshalb nur in Worten: Sehr beeindruckend, das Ganze ! In Hamburg wird haupts\u00e4chlich die 320er-Familie gebaut, also 318, 319, 320 und 321 sowie die neueren &#8222;Neo&#8220;-Modelle. Und die sahen wir in allen m\u00f6glichen Fertigstellungs-Phasen. Auch eine A380 war da. Schon irre, wie gro\u00df die ist: Unter einer der Tragfl\u00e4chen stand eine A320 &#8211; und nach oben war immer noch Platz.<\/p>\n\n\n\n<div class=\"wp-block-image\"><figure class=\"aligncenter\"><img loading=\"lazy\" decoding=\"async\" width=\"1024\" height=\"576\" src=\"https:\/\/micks-touren.de\/wp-content\/uploads\/2019\/05\/Ham07-1024x576.jpg\" alt=\"\" class=\"wp-image-932\" srcset=\"https:\/\/micks-touren.de\/wp-content\/uploads\/2019\/05\/Ham07-1024x576.jpg 1024w, https:\/\/micks-touren.de\/wp-content\/uploads\/2019\/05\/Ham07-300x169.jpg 300w, https:\/\/micks-touren.de\/wp-content\/uploads\/2019\/05\/Ham07-768x432.jpg 768w, https:\/\/micks-touren.de\/wp-content\/uploads\/2019\/05\/Ham07-150x84.jpg 150w, https:\/\/micks-touren.de\/wp-content\/uploads\/2019\/05\/Ham07.jpg 1200w\" sizes=\"auto, (max-width: 1024px) 100vw, 1024px\" \/><figcaption>So sieht Airbus von au\u00dfen aus \ud83d\ude09<\/figcaption><\/figure><\/div>\n\n\n\n<p>Da die Linie 150 wegen dickem Feierabend-Stau in 2 Teilstrecken umgewandelt worden war, fuhren ich und ein paar hundert andere mit der F\u00e4hre \u00fcber die Elbe ins Stadtgebiet. Und ich kam noch rechtzeitig zum n\u00e4chsten Event, einem Stammtisch mit ca. 500 Leuten.<\/p>\n\n\n\n<p>Am n\u00e4chsten Tag (und nach sch\u00e4tzungsweise 5 Stunden Schlaf) ging es zum Teilchenbeschleuniger DESY. Wenn man technik-interessiert ist, kann man dort eine ganze Menge interessanter Dinge sehen. Allerdings sollte man in physikalischer Hinsicht deutlich mehr als nur das Schul-Wissen haben. Die Vortr\u00e4ge und F\u00fchrungen waren dann doch ziemlich spezifisch. Zum Gl\u00fcck verstand ich schon von Berufs wegen das meiste.<\/p>\n\n\n\n<div class=\"wp-block-image\"><figure class=\"aligncenter\"><img loading=\"lazy\" decoding=\"async\" width=\"576\" height=\"1024\" src=\"https:\/\/micks-touren.de\/wp-content\/uploads\/2019\/05\/Ham08-576x1024.jpg\" alt=\"\" class=\"wp-image-934\" srcset=\"https:\/\/micks-touren.de\/wp-content\/uploads\/2019\/05\/Ham08-576x1024.jpg 576w, https:\/\/micks-touren.de\/wp-content\/uploads\/2019\/05\/Ham08-169x300.jpg 169w, https:\/\/micks-touren.de\/wp-content\/uploads\/2019\/05\/Ham08-84x150.jpg 84w, https:\/\/micks-touren.de\/wp-content\/uploads\/2019\/05\/Ham08.jpg 675w\" sizes=\"auto, (max-width: 576px) 100vw, 576px\" \/><figcaption>Rundgang im Teilchenbeschleuniger Hera, 25 Meter weit unten<\/figcaption><\/figure><\/div>\n\n\n\n<p>Auch abends gab es wieder einen Stammtisch mit mehreren 100 Leuten. Danach trafen sich noch einige in der Bar des Tagungshotels Hyperion auf einen Absacker. Und wieder wurde die Nacht sehr kurz &#8230;<\/p>\n\n\n\n<p>Von der Mitglieder-Versammlung muss ich nichts berichten. Einige von uns gingen etwas fr\u00fcher und fuhren nach L\u00fcneburg zu einer Stadtf\u00fchrung. L\u00fcneburg ist ein sehr nettes St\u00e4dtchen, wir haben durch die F\u00fchrerin viel Interessantes geh\u00f6rt und gesehen. Wer mal in der Gegend ist: Nehmt Euch unbedingt Zeit f\u00fcr einen Rundgang !<\/p>\n\n\n\n<div class=\"wp-block-image\"><figure class=\"aligncenter\"><img loading=\"lazy\" decoding=\"async\" width=\"1024\" height=\"576\" src=\"https:\/\/micks-touren.de\/wp-content\/uploads\/2019\/05\/Ham09-1024x576.jpg\" alt=\"\" class=\"wp-image-935\" srcset=\"https:\/\/micks-touren.de\/wp-content\/uploads\/2019\/05\/Ham09-1024x576.jpg 1024w, https:\/\/micks-touren.de\/wp-content\/uploads\/2019\/05\/Ham09-300x169.jpg 300w, https:\/\/micks-touren.de\/wp-content\/uploads\/2019\/05\/Ham09-768x432.jpg 768w, https:\/\/micks-touren.de\/wp-content\/uploads\/2019\/05\/Ham09-150x84.jpg 150w, https:\/\/micks-touren.de\/wp-content\/uploads\/2019\/05\/Ham09.jpg 1200w\" sizes=\"auto, (max-width: 1024px) 100vw, 1024px\" \/><figcaption>Der Hafen<\/figcaption><\/figure><\/div>\n\n\n\n<div class=\"wp-block-image\"><figure class=\"aligncenter\"><img loading=\"lazy\" decoding=\"async\" width=\"1024\" height=\"576\" src=\"https:\/\/micks-touren.de\/wp-content\/uploads\/2019\/05\/Ham10-1024x576.jpg\" alt=\"\" class=\"wp-image-936\" srcset=\"https:\/\/micks-touren.de\/wp-content\/uploads\/2019\/05\/Ham10-1024x576.jpg 1024w, https:\/\/micks-touren.de\/wp-content\/uploads\/2019\/05\/Ham10-300x169.jpg 300w, https:\/\/micks-touren.de\/wp-content\/uploads\/2019\/05\/Ham10-768x432.jpg 768w, https:\/\/micks-touren.de\/wp-content\/uploads\/2019\/05\/Ham10-150x84.jpg 150w, https:\/\/micks-touren.de\/wp-content\/uploads\/2019\/05\/Ham10.jpg 1200w\" sizes=\"auto, (max-width: 1024px) 100vw, 1024px\" \/><figcaption>Der Marktplatz<\/figcaption><\/figure><\/div>\n\n\n\n<p>Anschlie\u00dfend ging es dann zu einem Krimi-Dinner in einer alten Brauerei. So etwas wollte ich schon lange mal machen, aber ich musste erst nach Hamburg kommen, bevor es geklappt hat. Das Dinner war ok, der Krimi halbwegs spannend, aber am Ende irgendwie nicht logisch (ob es daran lag, dass wir alle Mensaner waren ???). Wie auch immer: ein netter Abend wars auf jeden Fall.<\/p>\n\n\n\n<p>Leider endeten die Tage in Hamburg am n\u00e4chsten Vormittag mit einem Brunch. Mal sehen, vielleicht fahre ich ja auch irgendwann mal so hin, ohne gef\u00fchrtes Programm, und schaue mir die Ecken an, f\u00fcr die ich jetzt keine Zeit hatte. Bekannte haben ich dort ja. Und bis dahin gibts noch ein paar Impressionen:<\/p>\n\n\n\n<div class=\"wp-block-image\"><figure class=\"aligncenter\"><img loading=\"lazy\" decoding=\"async\" width=\"1024\" height=\"576\" src=\"https:\/\/micks-touren.de\/wp-content\/uploads\/2019\/05\/Ham11-1024x576.jpg\" alt=\"\" class=\"wp-image-937\" srcset=\"https:\/\/micks-touren.de\/wp-content\/uploads\/2019\/05\/Ham11-1024x576.jpg 1024w, https:\/\/micks-touren.de\/wp-content\/uploads\/2019\/05\/Ham11-300x169.jpg 300w, https:\/\/micks-touren.de\/wp-content\/uploads\/2019\/05\/Ham11-768x432.jpg 768w, https:\/\/micks-touren.de\/wp-content\/uploads\/2019\/05\/Ham11-150x84.jpg 150w, https:\/\/micks-touren.de\/wp-content\/uploads\/2019\/05\/Ham11.jpg 1200w\" sizes=\"auto, (max-width: 1024px) 100vw, 1024px\" \/><figcaption>Binnenalster<\/figcaption><\/figure><\/div>\n\n\n\n<div class=\"wp-block-image\"><figure class=\"aligncenter\"><img loading=\"lazy\" decoding=\"async\" width=\"1024\" height=\"576\" src=\"https:\/\/micks-touren.de\/wp-content\/uploads\/2019\/05\/Ham06-1024x576.jpg\" alt=\"\" class=\"wp-image-938\" srcset=\"https:\/\/micks-touren.de\/wp-content\/uploads\/2019\/05\/Ham06-1024x576.jpg 1024w, https:\/\/micks-touren.de\/wp-content\/uploads\/2019\/05\/Ham06-300x169.jpg 300w, https:\/\/micks-touren.de\/wp-content\/uploads\/2019\/05\/Ham06-768x432.jpg 768w, https:\/\/micks-touren.de\/wp-content\/uploads\/2019\/05\/Ham06-150x84.jpg 150w, https:\/\/micks-touren.de\/wp-content\/uploads\/2019\/05\/Ham06.jpg 1200w\" sizes=\"auto, (max-width: 1024px) 100vw, 1024px\" \/><figcaption>Elb-Philharmonie<\/figcaption><\/figure><\/div>\n\n\n\n<div class=\"wp-block-image\"><figure class=\"aligncenter\"><img loading=\"lazy\" decoding=\"async\" width=\"1024\" height=\"576\" src=\"https:\/\/micks-touren.de\/wp-content\/uploads\/2019\/05\/Ham12-1024x576.jpg\" alt=\"\" class=\"wp-image-939\" srcset=\"https:\/\/micks-touren.de\/wp-content\/uploads\/2019\/05\/Ham12-1024x576.jpg 1024w, https:\/\/micks-touren.de\/wp-content\/uploads\/2019\/05\/Ham12-300x169.jpg 300w, https:\/\/micks-touren.de\/wp-content\/uploads\/2019\/05\/Ham12-768x432.jpg 768w, https:\/\/micks-touren.de\/wp-content\/uploads\/2019\/05\/Ham12-150x84.jpg 150w, https:\/\/micks-touren.de\/wp-content\/uploads\/2019\/05\/Ham12.jpg 1200w\" sizes=\"auto, (max-width: 1024px) 100vw, 1024px\" \/><figcaption>Kaffeer\u00f6sterei in der Speicherstadt<\/figcaption><\/figure><\/div>\n\n\n\n<div class=\"wp-block-image\"><figure class=\"aligncenter\"><img loading=\"lazy\" decoding=\"async\" width=\"1024\" height=\"576\" src=\"https:\/\/micks-touren.de\/wp-content\/uploads\/2019\/05\/Ham13-1024x576.jpg\" alt=\"\" class=\"wp-image-940\" srcset=\"https:\/\/micks-touren.de\/wp-content\/uploads\/2019\/05\/Ham13-1024x576.jpg 1024w, https:\/\/micks-touren.de\/wp-content\/uploads\/2019\/05\/Ham13-300x169.jpg 300w, https:\/\/micks-touren.de\/wp-content\/uploads\/2019\/05\/Ham13-768x432.jpg 768w, https:\/\/micks-touren.de\/wp-content\/uploads\/2019\/05\/Ham13-150x84.jpg 150w, https:\/\/micks-touren.de\/wp-content\/uploads\/2019\/05\/Ham13.jpg 1200w\" sizes=\"auto, (max-width: 1024px) 100vw, 1024px\" \/><figcaption>Kanal in der Speicherstadt<\/figcaption><\/figure><\/div>\n","protected":false},"excerpt":{"rendered":"<p>Mein erster Trip 2019 f\u00fchrte mich 5 Tage nach Hamburg &#8211; zu meinem ersten Jahrestreffen des Vereins Mensa in Deutschland e.V. Das Organisations-Team von Hamburg hatte rund um die j\u00e4hrliche Mitgliederversammlung ein riesiges Programm geplant, weit \u00fcber 300 Events, Veranstaltungen, Besichtigungen, Ausfl\u00fcge, &#8230; f\u00fcr jeden Geschmack war etwas dabei. Einige&#8230;<\/p>\n<p class=\"continue-reading-button\"> <a class=\"continue-reading-link\" href=\"https:\/\/micks-touren.de\/?page_id=924\">Continue reading<i class=\"crycon-right-dir\"><\/i><\/a><\/p>\n","protected":false},"author":1,"featured_media":0,"parent":0,"menu_order":0,"comment_status":"open","ping_status":"closed","template":"","meta":{"footnotes":""},"class_list":["post-924","page","type-page","status-publish","hentry"],"_links":{"self":[{"href":"https:\/\/micks-touren.de\/index.php?rest_route=\/wp\/v2\/pages\/924","targetHints":{"allow":["GET"]}}],"collection":[{"href":"https:\/\/micks-touren.de\/index.php?rest_route=\/wp\/v2\/pages"}],"about":[{"href":"https:\/\/micks-touren.de\/index.php?rest_route=\/wp\/v2\/types\/page"}],"author":[{"embeddable":true,"href":"https:\/\/micks-touren.de\/index.php?rest_route=\/wp\/v2\/users\/1"}],"replies":[{"embeddable":true,"href":"https:\/\/micks-touren.de\/index.php?rest_route=%2Fwp%2Fv2%2Fcomments&post=924"}],"version-history":[{"count":9,"href":"https:\/\/micks-touren.de\/index.php?rest_route=\/wp\/v2\/pages\/924\/revisions"}],"predecessor-version":[{"id":1043,"href":"https:\/\/micks-touren.de\/index.php?rest_route=\/wp\/v2\/pages\/924\/revisions\/1043"}],"wp:attachment":[{"href":"https:\/\/micks-touren.de\/index.php?rest_route=%2Fwp%2Fv2%2Fmedia&parent=924"}],"curies":[{"name":"wp","href":"https:\/\/api.w.org\/{rel}","templated":true}]}}