{"id":784,"date":"2018-07-22T17:46:18","date_gmt":"2018-07-22T17:46:18","guid":{"rendered":"http:\/\/micks-touren.de\/?page_id=784"},"modified":"2018-07-22T18:12:01","modified_gmt":"2018-07-22T18:12:01","slug":"rhein-neckar-tour-2018","status":"publish","type":"page","link":"https:\/\/micks-touren.de\/?page_id=784","title":{"rendered":"Rhein-Neckar-Tour (2018)"},"content":{"rendered":"<p>Es war wie jedes Jahr das Gleiche: Was schenken wir meiner Mutter\/Oma zu Weihnachten bzw. Geburtstag ??<\/p>\n<p>Da sie sehr reisefreudig ist (und wir ihr ein halbes Jahr vorher schon mal einen Reisegutschein geschenkt hatten), kam meine Frau auf die glorreiche Idee, 2 Karten f\u00fcr eine Rhein-Neckar-Schiffstour plus Fr\u00fchst\u00fcck an Bord zu besorgen. Da die Auswahl an Schiffahrtslinien an unserem Ort etwas begrenzt ist, blieb die Wei\u00dfe Flotte Heidelberg \u00fcbrig, die eine Linienfahrt bis Neckarsteinach und zur\u00fcck anbietet.<\/p>\n<p>An einem Samstag im Juli war es dann soweit: Oma, Enkelin, meine Frau und ich bestiegen morgens um 8 das Linienschiff &#8222;Alt-Heidelberg&#8220;.<\/p>\n<p><img loading=\"lazy\" decoding=\"async\" class=\"aligncenter size-full wp-image-785\" src=\"https:\/\/micks-touren.de\/wp-content\/uploads\/2018\/07\/RN-01.jpg\" alt=\"\" width=\"900\" height=\"675\" srcset=\"https:\/\/micks-touren.de\/wp-content\/uploads\/2018\/07\/RN-01.jpg 900w, https:\/\/micks-touren.de\/wp-content\/uploads\/2018\/07\/RN-01-300x225.jpg 300w, https:\/\/micks-touren.de\/wp-content\/uploads\/2018\/07\/RN-01-768x576.jpg 768w, https:\/\/micks-touren.de\/wp-content\/uploads\/2018\/07\/RN-01-467x350.jpg 467w, https:\/\/micks-touren.de\/wp-content\/uploads\/2018\/07\/RN-01-150x113.jpg 150w\" sizes=\"auto, (max-width: 900px) 100vw, 900px\" \/><\/p>\n<p>Wie man sehen kann, das Wetter war ausgerechnet an diesem Tag relativ mies. Es hat immer mal wieder ein bisschen geregnet, aber wen st\u00f6rt das schon gro\u00df, wenn man im Trockenen sitzt und die Aussicht genie\u00dfen kann \ud83d\ude09<\/p>\n<p>Los ging es dann auf dem Rhein bis Ludwigshafen und dort auf den Neckar.<\/p>\n<p><img loading=\"lazy\" decoding=\"async\" class=\"aligncenter size-full wp-image-786\" src=\"https:\/\/micks-touren.de\/wp-content\/uploads\/2018\/07\/RN-02.jpg\" alt=\"\" width=\"900\" height=\"675\" srcset=\"https:\/\/micks-touren.de\/wp-content\/uploads\/2018\/07\/RN-02.jpg 900w, https:\/\/micks-touren.de\/wp-content\/uploads\/2018\/07\/RN-02-300x225.jpg 300w, https:\/\/micks-touren.de\/wp-content\/uploads\/2018\/07\/RN-02-768x576.jpg 768w, https:\/\/micks-touren.de\/wp-content\/uploads\/2018\/07\/RN-02-467x350.jpg 467w, https:\/\/micks-touren.de\/wp-content\/uploads\/2018\/07\/RN-02-150x113.jpg 150w\" sizes=\"auto, (max-width: 900px) 100vw, 900px\" \/><\/p>\n<p>Erste Station war Mannheim. Dort stieg eine gr\u00f6\u00dfere Geburtstagsgesellschaft ein, die ihr eigenes B\u00fcffet mitgebracht hatten. Wir wurden ein bi\u00dfchen neidisch, obwohl unser Fr\u00fchst\u00fcck f\u00fcr \u20ac 8,50 auch recht \u00fcppig und abwechslungsreich war.<\/p>\n<p><img loading=\"lazy\" decoding=\"async\" class=\"aligncenter size-full wp-image-787\" src=\"https:\/\/micks-touren.de\/wp-content\/uploads\/2018\/07\/RN-03.jpg\" alt=\"\" width=\"673\" height=\"900\" srcset=\"https:\/\/micks-touren.de\/wp-content\/uploads\/2018\/07\/RN-03.jpg 673w, https:\/\/micks-touren.de\/wp-content\/uploads\/2018\/07\/RN-03-224x300.jpg 224w, https:\/\/micks-touren.de\/wp-content\/uploads\/2018\/07\/RN-03-262x350.jpg 262w, https:\/\/micks-touren.de\/wp-content\/uploads\/2018\/07\/RN-03-112x150.jpg 112w\" sizes=\"auto, (max-width: 673px) 100vw, 673px\" \/><\/p>\n<p>Der Mannheimer Fernsehturm<\/p>\n<p>Weiter ging es nach Heidelberg. Auf der Fahrt dorthin fuhren wir st\u00e4ndig hinter einem Flusskreuzfahrtschiff aus Frankreich her. In Heidelberg konnten wir es dann mal \u00fcberholen und in die Kabinen reinschauen. Irgendwann mache ich so eine Fahrt vielleicht auch noch\u00a0 \ud83d\ude09<\/p>\n<p><img loading=\"lazy\" decoding=\"async\" class=\"aligncenter size-full wp-image-789\" src=\"https:\/\/micks-touren.de\/wp-content\/uploads\/2018\/07\/RN-04.jpg\" alt=\"\" width=\"900\" height=\"675\" srcset=\"https:\/\/micks-touren.de\/wp-content\/uploads\/2018\/07\/RN-04.jpg 900w, https:\/\/micks-touren.de\/wp-content\/uploads\/2018\/07\/RN-04-300x225.jpg 300w, https:\/\/micks-touren.de\/wp-content\/uploads\/2018\/07\/RN-04-768x576.jpg 768w, https:\/\/micks-touren.de\/wp-content\/uploads\/2018\/07\/RN-04-467x350.jpg 467w, https:\/\/micks-touren.de\/wp-content\/uploads\/2018\/07\/RN-04-150x113.jpg 150w\" sizes=\"auto, (max-width: 900px) 100vw, 900px\" \/><\/p>\n<p>Die alte Br\u00fccke und das Schloss<\/p>\n<p><img loading=\"lazy\" decoding=\"async\" class=\"aligncenter size-large wp-image-790\" src=\"https:\/\/micks-touren.de\/wp-content\/uploads\/2018\/07\/RN-05.jpg\" alt=\"\" width=\"900\" height=\"675\" srcset=\"https:\/\/micks-touren.de\/wp-content\/uploads\/2018\/07\/RN-05.jpg 900w, https:\/\/micks-touren.de\/wp-content\/uploads\/2018\/07\/RN-05-300x225.jpg 300w, https:\/\/micks-touren.de\/wp-content\/uploads\/2018\/07\/RN-05-768x576.jpg 768w, https:\/\/micks-touren.de\/wp-content\/uploads\/2018\/07\/RN-05-467x350.jpg 467w, https:\/\/micks-touren.de\/wp-content\/uploads\/2018\/07\/RN-05-150x113.jpg 150w\" sizes=\"auto, (max-width: 900px) 100vw, 900px\" \/><\/p>\n<p>&nbsp;<\/p>\n<p>In Heidelberg mussten wir dann durch die dritte von vier Schleusen auf dem Neckar. Die Schleusen sind wirklich notwendig, wenn man sich mal die H\u00f6henunterschiede vor und hinter der Schleuse anschaut.<\/p>\n<p><img loading=\"lazy\" decoding=\"async\" class=\"aligncenter size-full wp-image-788\" src=\"https:\/\/micks-touren.de\/wp-content\/uploads\/2018\/07\/RN-06.jpg\" alt=\"\" width=\"673\" height=\"897\" srcset=\"https:\/\/micks-touren.de\/wp-content\/uploads\/2018\/07\/RN-06.jpg 673w, https:\/\/micks-touren.de\/wp-content\/uploads\/2018\/07\/RN-06-225x300.jpg 225w, https:\/\/micks-touren.de\/wp-content\/uploads\/2018\/07\/RN-06-263x350.jpg 263w, https:\/\/micks-touren.de\/wp-content\/uploads\/2018\/07\/RN-06-113x150.jpg 113w\" sizes=\"auto, (max-width: 673px) 100vw, 673px\" \/><\/p>\n<p>Die Schleusen waren auch der Grund, warum wir ca. eineinhalb Stunden sp\u00e4ter als geplant in Neckarsteinach ankamen. Manchmal muss man sich auch als Passagierschiff hinten anstellen und warten. Wie der Kapit\u00e4n erkl\u00e4rte, hat immer das schwerste Schiff Vortritt und darf als Erstes in die Schleuse fahren. Das hat was mit der Str\u00f6mung zu tun.<\/p>\n<p>Wie auch immer: Irgendwann nach einer gem\u00fctlichen Fahrt durch das Neckar-Tal &#8230;<\/p>\n<p><img loading=\"lazy\" decoding=\"async\" class=\"aligncenter size-full wp-image-791\" src=\"https:\/\/micks-touren.de\/wp-content\/uploads\/2018\/07\/RN-07.jpg\" alt=\"\" width=\"900\" height=\"675\" srcset=\"https:\/\/micks-touren.de\/wp-content\/uploads\/2018\/07\/RN-07.jpg 900w, https:\/\/micks-touren.de\/wp-content\/uploads\/2018\/07\/RN-07-300x225.jpg 300w, https:\/\/micks-touren.de\/wp-content\/uploads\/2018\/07\/RN-07-768x576.jpg 768w, https:\/\/micks-touren.de\/wp-content\/uploads\/2018\/07\/RN-07-467x350.jpg 467w, https:\/\/micks-touren.de\/wp-content\/uploads\/2018\/07\/RN-07-150x113.jpg 150w\" sizes=\"auto, (max-width: 900px) 100vw, 900px\" \/><\/p>\n<p>&#8230; kamen wir in Neckarsteinach mit seinen vier Burgen an. Das hier ist eine davon, die Mittelburg:<\/p>\n<p><img loading=\"lazy\" decoding=\"async\" class=\"aligncenter size-full wp-image-792\" src=\"https:\/\/micks-touren.de\/wp-content\/uploads\/2018\/07\/RN-08.jpg\" alt=\"\" width=\"900\" height=\"675\" srcset=\"https:\/\/micks-touren.de\/wp-content\/uploads\/2018\/07\/RN-08.jpg 900w, https:\/\/micks-touren.de\/wp-content\/uploads\/2018\/07\/RN-08-300x225.jpg 300w, https:\/\/micks-touren.de\/wp-content\/uploads\/2018\/07\/RN-08-768x576.jpg 768w, https:\/\/micks-touren.de\/wp-content\/uploads\/2018\/07\/RN-08-467x350.jpg 467w, https:\/\/micks-touren.de\/wp-content\/uploads\/2018\/07\/RN-08-150x113.jpg 150w\" sizes=\"auto, (max-width: 900px) 100vw, 900px\" \/><\/p>\n<p>Wir hatten durch die Versp\u00e4tung effektiv 50 Minuten Zeit, bis die erste Fahrt wieder zur\u00fcck ging. Ein Biergarten war zum Gl\u00fcck direkt an der Anlegestelle, so dass wir dort noch etwas essen und trinken konnten, mit sch\u00f6nem Blick auf den Neckar. Das h\u00e4tten wir auch auf dem Schiff machen k\u00f6nnen, sie hatten gutes Essen zu zivilen Preisen &#8230; aber das Schiff war voll, die Bedienungen erkennbar im Stress &#8230; Au\u00dferdem hatte das Fr\u00fchst\u00fcck lange vorgehalten. <strong><span style=\"color: #ff0000;\">TIPP<\/span><\/strong>: Nehmt Euch was zu trinken mit und vielleicht ein paar kleine Snacks. Das ist nie verkehrt.<\/p>\n<p>Zur\u00fcck ging es mit einem anderen Schiff dann deutlich schneller &#8211; logisch, wenn man bedenkt, dass wir diesmal MIT der Str\u00f6mung fuhren.<\/p>\n<p>Fazit: Wenn man mal einen etwas anderen Tagesausflug machen m\u00f6chte, sollte man sich eine Flussfahrt ernsthaft \u00fcberlegen. Es gibt auch Motto-Fahrten und spezielle Angebote f\u00fcr jeden Geschmack: ein G\u00e4nge-Men\u00fc, pr\u00e4sentiert von dem bekannten Koch Johann Lafer, Krimi-Diner, Musik-Fahrten und vieles mehr.<\/p>\n","protected":false},"excerpt":{"rendered":"<p>Es war wie jedes Jahr das Gleiche: Was schenken wir meiner Mutter\/Oma zu Weihnachten bzw. Geburtstag ?? Da sie sehr reisefreudig ist (und wir ihr ein halbes Jahr vorher schon mal einen Reisegutschein geschenkt hatten), kam meine Frau auf die glorreiche Idee, 2 Karten f\u00fcr eine Rhein-Neckar-Schiffstour plus Fr\u00fchst\u00fcck an&#8230;<\/p>\n<p class=\"continue-reading-button\"> <a class=\"continue-reading-link\" href=\"https:\/\/micks-touren.de\/?page_id=784\">Continue reading<i class=\"crycon-right-dir\"><\/i><\/a><\/p>\n","protected":false},"author":1,"featured_media":0,"parent":0,"menu_order":0,"comment_status":"open","ping_status":"closed","template":"","meta":{"footnotes":""},"class_list":["post-784","page","type-page","status-publish","hentry"],"_links":{"self":[{"href":"https:\/\/micks-touren.de\/index.php?rest_route=\/wp\/v2\/pages\/784","targetHints":{"allow":["GET"]}}],"collection":[{"href":"https:\/\/micks-touren.de\/index.php?rest_route=\/wp\/v2\/pages"}],"about":[{"href":"https:\/\/micks-touren.de\/index.php?rest_route=\/wp\/v2\/types\/page"}],"author":[{"embeddable":true,"href":"https:\/\/micks-touren.de\/index.php?rest_route=\/wp\/v2\/users\/1"}],"replies":[{"embeddable":true,"href":"https:\/\/micks-touren.de\/index.php?rest_route=%2Fwp%2Fv2%2Fcomments&post=784"}],"version-history":[{"count":4,"href":"https:\/\/micks-touren.de\/index.php?rest_route=\/wp\/v2\/pages\/784\/revisions"}],"predecessor-version":[{"id":797,"href":"https:\/\/micks-touren.de\/index.php?rest_route=\/wp\/v2\/pages\/784\/revisions\/797"}],"wp:attachment":[{"href":"https:\/\/micks-touren.de\/index.php?rest_route=%2Fwp%2Fv2%2Fmedia&parent=784"}],"curies":[{"name":"wp","href":"https:\/\/api.w.org\/{rel}","templated":true}]}}