{"id":480,"date":"2017-07-10T19:33:43","date_gmt":"2017-07-10T18:33:43","guid":{"rendered":"http:\/\/micks-touren.de\/?page_id=480"},"modified":"2021-01-13T20:49:19","modified_gmt":"2021-01-13T19:49:19","slug":"aarau-2015-2017","status":"publish","type":"page","link":"https:\/\/micks-touren.de\/?page_id=480","title":{"rendered":"Aarau (2015-2017)"},"content":{"rendered":"<p>In den letzten Jahren waren meine Frau und ich mehrere Male in der Schweiz, genauer gesagt in Aarau, der Kantonshauptstadt des Aargau. Wir haben in der N\u00e4he Freunde, die wir bei den Gelegenheiten immer mal besucht haben.<br \/>\nAarau ist ein nettes St\u00e4dtchen an der Aare, die auch an einem sch\u00f6nen Wintertag einiges hermacht.<\/p>\n<p><img loading=\"lazy\" decoding=\"async\" class=\"aligncenter size-full wp-image-481\" src=\"https:\/\/micks-touren.de\/wp-content\/uploads\/2017\/07\/Aar01.jpg\" alt=\"\" width=\"900\" height=\"600\" srcset=\"https:\/\/micks-touren.de\/wp-content\/uploads\/2017\/07\/Aar01.jpg 900w, https:\/\/micks-touren.de\/wp-content\/uploads\/2017\/07\/Aar01-300x200.jpg 300w, https:\/\/micks-touren.de\/wp-content\/uploads\/2017\/07\/Aar01-768x512.jpg 768w, https:\/\/micks-touren.de\/wp-content\/uploads\/2017\/07\/Aar01-525x350.jpg 525w, https:\/\/micks-touren.de\/wp-content\/uploads\/2017\/07\/Aar01-150x100.jpg 150w\" sizes=\"auto, (max-width: 900px) 100vw, 900px\" \/><\/p>\n<p>Aarau hat einen alten malerischen Stadtkern. Besonders fallen hier die bemalten Dachgiebel auf:<\/p>\n<p><img loading=\"lazy\" decoding=\"async\" class=\"aligncenter size-full wp-image-482\" src=\"https:\/\/micks-touren.de\/wp-content\/uploads\/2017\/07\/Aar02.jpg\" alt=\"\" width=\"900\" height=\"600\" srcset=\"https:\/\/micks-touren.de\/wp-content\/uploads\/2017\/07\/Aar02.jpg 900w, https:\/\/micks-touren.de\/wp-content\/uploads\/2017\/07\/Aar02-300x200.jpg 300w, https:\/\/micks-touren.de\/wp-content\/uploads\/2017\/07\/Aar02-768x512.jpg 768w, https:\/\/micks-touren.de\/wp-content\/uploads\/2017\/07\/Aar02-525x350.jpg 525w, https:\/\/micks-touren.de\/wp-content\/uploads\/2017\/07\/Aar02-150x100.jpg 150w\" sizes=\"auto, (max-width: 900px) 100vw, 900px\" \/><\/p>\n<p>Ein Spaziergang durch die Altstadt lohnt sich immer. Ich bin mal sonntags fr\u00fchmorgens losgezogen, als noch nichts los war:<\/p>\n<p><img loading=\"lazy\" decoding=\"async\" class=\"aligncenter size-full wp-image-484\" src=\"https:\/\/micks-touren.de\/wp-content\/uploads\/2017\/07\/Aar03.jpg\" alt=\"\" width=\"900\" height=\"600\" srcset=\"https:\/\/micks-touren.de\/wp-content\/uploads\/2017\/07\/Aar03.jpg 900w, https:\/\/micks-touren.de\/wp-content\/uploads\/2017\/07\/Aar03-300x200.jpg 300w, https:\/\/micks-touren.de\/wp-content\/uploads\/2017\/07\/Aar03-768x512.jpg 768w, https:\/\/micks-touren.de\/wp-content\/uploads\/2017\/07\/Aar03-525x350.jpg 525w, https:\/\/micks-touren.de\/wp-content\/uploads\/2017\/07\/Aar03-150x100.jpg 150w\" sizes=\"auto, (max-width: 900px) 100vw, 900px\" \/><br \/>\n<img loading=\"lazy\" decoding=\"async\" class=\"aligncenter size-large wp-image-485\" src=\"https:\/\/micks-touren.de\/wp-content\/uploads\/2017\/07\/Aar04.jpg\" alt=\"\" width=\"900\" height=\"600\" srcset=\"https:\/\/micks-touren.de\/wp-content\/uploads\/2017\/07\/Aar04.jpg 900w, https:\/\/micks-touren.de\/wp-content\/uploads\/2017\/07\/Aar04-300x200.jpg 300w, https:\/\/micks-touren.de\/wp-content\/uploads\/2017\/07\/Aar04-768x512.jpg 768w, https:\/\/micks-touren.de\/wp-content\/uploads\/2017\/07\/Aar04-525x350.jpg 525w, https:\/\/micks-touren.de\/wp-content\/uploads\/2017\/07\/Aar04-150x100.jpg 150w\" sizes=\"auto, (max-width: 900px) 100vw, 900px\" \/><br \/>\n<img loading=\"lazy\" decoding=\"async\" class=\"aligncenter size-full wp-image-483\" src=\"https:\/\/micks-touren.de\/wp-content\/uploads\/2017\/07\/Aar05.jpg\" alt=\"\" width=\"600\" height=\"900\" srcset=\"https:\/\/micks-touren.de\/wp-content\/uploads\/2017\/07\/Aar05.jpg 600w, https:\/\/micks-touren.de\/wp-content\/uploads\/2017\/07\/Aar05-200x300.jpg 200w, https:\/\/micks-touren.de\/wp-content\/uploads\/2017\/07\/Aar05-233x350.jpg 233w, https:\/\/micks-touren.de\/wp-content\/uploads\/2017\/07\/Aar05-100x150.jpg 100w\" sizes=\"auto, (max-width: 600px) 100vw, 600px\" \/><br \/>\n<img loading=\"lazy\" decoding=\"async\" class=\"aligncenter size-full wp-image-487\" src=\"https:\/\/micks-touren.de\/wp-content\/uploads\/2017\/07\/Aar07.jpg\" alt=\"\" width=\"560\" height=\"900\" srcset=\"https:\/\/micks-touren.de\/wp-content\/uploads\/2017\/07\/Aar07.jpg 560w, https:\/\/micks-touren.de\/wp-content\/uploads\/2017\/07\/Aar07-187x300.jpg 187w, https:\/\/micks-touren.de\/wp-content\/uploads\/2017\/07\/Aar07-218x350.jpg 218w, https:\/\/micks-touren.de\/wp-content\/uploads\/2017\/07\/Aar07-93x150.jpg 93w\" sizes=\"auto, (max-width: 560px) 100vw, 560px\" \/><\/p>\n<p>Die Schweiz hat den Vorteil, dass sie nicht besonders gro\u00df ist und man relativ z\u00fcgig auch zu anderen netten \u00d6rtlichkeiten kommt. Und: Es liegt dort viel \u00f6fter Schnee als in meiner Heimat \ud83d\ude09<\/p>\n<p><img loading=\"lazy\" decoding=\"async\" class=\"aligncenter size-full wp-image-486\" src=\"https:\/\/micks-touren.de\/wp-content\/uploads\/2017\/07\/Aar06.jpg\" alt=\"\" width=\"900\" height=\"600\" srcset=\"https:\/\/micks-touren.de\/wp-content\/uploads\/2017\/07\/Aar06.jpg 900w, https:\/\/micks-touren.de\/wp-content\/uploads\/2017\/07\/Aar06-300x200.jpg 300w, https:\/\/micks-touren.de\/wp-content\/uploads\/2017\/07\/Aar06-768x512.jpg 768w, https:\/\/micks-touren.de\/wp-content\/uploads\/2017\/07\/Aar06-525x350.jpg 525w, https:\/\/micks-touren.de\/wp-content\/uploads\/2017\/07\/Aar06-150x100.jpg 150w\" sizes=\"auto, (max-width: 900px) 100vw, 900px\" \/><\/p>\n<p>Und jetzt eine ganze Reihe von <span style=\"color: #ff0000;\"><strong>TIPPS<\/strong><\/span>, was man mal sehen sollte:<\/p>\n<p><img loading=\"lazy\" decoding=\"async\" class=\"aligncenter size-full wp-image-489\" src=\"https:\/\/micks-touren.de\/wp-content\/uploads\/2017\/07\/Aar08.jpg\" alt=\"\" width=\"900\" height=\"675\" srcset=\"https:\/\/micks-touren.de\/wp-content\/uploads\/2017\/07\/Aar08.jpg 900w, https:\/\/micks-touren.de\/wp-content\/uploads\/2017\/07\/Aar08-300x225.jpg 300w, https:\/\/micks-touren.de\/wp-content\/uploads\/2017\/07\/Aar08-768x576.jpg 768w, https:\/\/micks-touren.de\/wp-content\/uploads\/2017\/07\/Aar08-467x350.jpg 467w, https:\/\/micks-touren.de\/wp-content\/uploads\/2017\/07\/Aar08-150x113.jpg 150w\" sizes=\"auto, (max-width: 900px) 100vw, 900px\" \/>Luzern bei Nacht in der Weihnachtszeit. Eine der Br\u00fccken dort ist komplett mit Weihnachtslichtern geschm\u00fcckt.<br \/>\nUnd wenn man auf S\u00fc\u00dfes steht, sollte man unbedingt bei L\u00e4derach vorbeigehen. Die Schokolade dort ist zwar sauteuer, aber lecker und es gibt sehr interessante Sorten. Man kann sich ein T\u00fctchen mit mehreren Sorten kaufen und die dann durchprobieren.<\/p>\n<p><img loading=\"lazy\" decoding=\"async\" class=\"aligncenter size-full wp-image-488\" src=\"https:\/\/micks-touren.de\/wp-content\/uploads\/2017\/07\/Aar09.jpg\" alt=\"\" width=\"900\" height=\"675\" srcset=\"https:\/\/micks-touren.de\/wp-content\/uploads\/2017\/07\/Aar09.jpg 900w, https:\/\/micks-touren.de\/wp-content\/uploads\/2017\/07\/Aar09-300x225.jpg 300w, https:\/\/micks-touren.de\/wp-content\/uploads\/2017\/07\/Aar09-768x576.jpg 768w, https:\/\/micks-touren.de\/wp-content\/uploads\/2017\/07\/Aar09-467x350.jpg 467w, https:\/\/micks-touren.de\/wp-content\/uploads\/2017\/07\/Aar09-150x113.jpg 150w\" sizes=\"auto, (max-width: 900px) 100vw, 900px\" \/><\/p>\n<p>A propos S\u00fc\u00dfes: Vor ein paar Jahren sind wir durch unsere Schweizer Freunde mit den Schokok\u00fcssen von <a href=\"https:\/\/www.dubler.net\">Dubler<\/a> in Kontakt gekommen &#8211; und s\u00fcchtig geworden \ud83d\ude00 Zwischen Aarau und Z\u00fcrich befindet sich die Fabrik &#8211; und hier kann man einen Karton mit 50 Schokok\u00fcssen f\u00fcr 20 Franken kaufen.<\/p>\n<p><img loading=\"lazy\" decoding=\"async\" class=\"aligncenter size-full wp-image-491\" src=\"https:\/\/micks-touren.de\/wp-content\/uploads\/2017\/07\/Aar10.jpg\" alt=\"\" width=\"900\" height=\"675\" srcset=\"https:\/\/micks-touren.de\/wp-content\/uploads\/2017\/07\/Aar10.jpg 900w, https:\/\/micks-touren.de\/wp-content\/uploads\/2017\/07\/Aar10-300x225.jpg 300w, https:\/\/micks-touren.de\/wp-content\/uploads\/2017\/07\/Aar10-768x576.jpg 768w, https:\/\/micks-touren.de\/wp-content\/uploads\/2017\/07\/Aar10-467x350.jpg 467w, https:\/\/micks-touren.de\/wp-content\/uploads\/2017\/07\/Aar10-150x113.jpg 150w\" sizes=\"auto, (max-width: 900px) 100vw, 900px\" \/><\/p>\n<p>Der Firmenchef wohnt direkt neben dem Firmengel\u00e4nde und hat sich ein firmentypisches Haus bauen lassen:<\/p>\n<p><img loading=\"lazy\" decoding=\"async\" class=\"aligncenter size-full wp-image-490\" src=\"https:\/\/micks-touren.de\/wp-content\/uploads\/2017\/07\/Aar11.jpg\" alt=\"\" width=\"900\" height=\"675\" srcset=\"https:\/\/micks-touren.de\/wp-content\/uploads\/2017\/07\/Aar11.jpg 900w, https:\/\/micks-touren.de\/wp-content\/uploads\/2017\/07\/Aar11-300x225.jpg 300w, https:\/\/micks-touren.de\/wp-content\/uploads\/2017\/07\/Aar11-768x576.jpg 768w, https:\/\/micks-touren.de\/wp-content\/uploads\/2017\/07\/Aar11-467x350.jpg 467w, https:\/\/micks-touren.de\/wp-content\/uploads\/2017\/07\/Aar11-150x113.jpg 150w\" sizes=\"auto, (max-width: 900px) 100vw, 900px\" \/><\/p>\n<p>Was unbedingt besucht wird, wenn wir in der Schweiz sind: Das <a href=\"https:\/\/www.bloomell.ch\">Bloomell Coffeehouse in Olten<\/a>, nur ein paar Kilometer von Aarau entfernt. Das Essen ist wirklich lecker, besonders die Pancakes mit Ahornsirup. Und das Cafe an sich ist auch sehr geschmackvoll eingerichtet:<\/p>\n<p><img loading=\"lazy\" decoding=\"async\" class=\"aligncenter size-full wp-image-492\" src=\"https:\/\/micks-touren.de\/wp-content\/uploads\/2017\/07\/Aar12.jpg\" alt=\"\" width=\"662\" height=\"900\"><br \/>\n<img loading=\"lazy\" decoding=\"async\" class=\"aligncenter size-full wp-image-492\" src=\"https:\/\/micks-touren.de\/wp-content\/uploads\/2017\/07\/Aar13.jpg\" alt=\"\" width=\"662\" height=\"900\" srcset=\"https:\/\/micks-touren.de\/wp-content\/uploads\/2017\/07\/Aar13.jpg 662w, https:\/\/micks-touren.de\/wp-content\/uploads\/2017\/07\/Aar13-221x300.jpg 221w, https:\/\/micks-touren.de\/wp-content\/uploads\/2017\/07\/Aar13-257x350.jpg 257w, https:\/\/micks-touren.de\/wp-content\/uploads\/2017\/07\/Aar13-110x150.jpg 110w\" sizes=\"auto, (max-width: 662px) 100vw, 662px\" \/>Das Foto ist von Rowi. Wer sie kennt, erkennt ihren Stil \ud83d\ude09<\/p>\n<p>Was wir bei unserem letzten Besuch entdeckt haben: Die <a href=\"https:\/\/www.hupplodge.ch\">Hupp Lodge<\/a> in Wisen, ein Selbstbedienungscafe mit mittlerweile angeschlossenen \u00dcbernachtungsm\u00f6glichkeiten. Die Fahrt dorthin bietet eine ganze Reihe von tollen Ausblicken, wie zum Beispiel diesen hier:<\/p>\n<p><img loading=\"lazy\" decoding=\"async\" class=\"aligncenter size-full wp-image-494\" src=\"https:\/\/micks-touren.de\/wp-content\/uploads\/2017\/07\/Aar14.jpg\" alt=\"\" width=\"900\" height=\"600\" srcset=\"https:\/\/micks-touren.de\/wp-content\/uploads\/2017\/07\/Aar14.jpg 900w, https:\/\/micks-touren.de\/wp-content\/uploads\/2017\/07\/Aar14-300x200.jpg 300w, https:\/\/micks-touren.de\/wp-content\/uploads\/2017\/07\/Aar14-768x512.jpg 768w, https:\/\/micks-touren.de\/wp-content\/uploads\/2017\/07\/Aar14-525x350.jpg 525w, https:\/\/micks-touren.de\/wp-content\/uploads\/2017\/07\/Aar14-150x100.jpg 150w\" sizes=\"auto, (max-width: 900px) 100vw, 900px\" \/><\/p>\n<p>Aber auch die Aussicht vom Cafe aus ist nicht zu verachten. An sch\u00f6nen Tagen kann man auf der Terrasse sitzen und den Ausblick \u00fcber den Schweizer Jura bewundern.<\/p>\n<p><img loading=\"lazy\" decoding=\"async\" class=\"aligncenter size-full wp-image-496\" src=\"https:\/\/micks-touren.de\/wp-content\/uploads\/2017\/07\/Aar15.jpg\" alt=\"\" width=\"900\" height=\"675\" srcset=\"https:\/\/micks-touren.de\/wp-content\/uploads\/2017\/07\/Aar15.jpg 900w, https:\/\/micks-touren.de\/wp-content\/uploads\/2017\/07\/Aar15-300x225.jpg 300w, https:\/\/micks-touren.de\/wp-content\/uploads\/2017\/07\/Aar15-768x576.jpg 768w, https:\/\/micks-touren.de\/wp-content\/uploads\/2017\/07\/Aar15-467x350.jpg 467w, https:\/\/micks-touren.de\/wp-content\/uploads\/2017\/07\/Aar15-150x113.jpg 150w\" sizes=\"auto, (max-width: 900px) 100vw, 900px\" \/><\/p>\n<p>Auch innen sieht es gem\u00fctlich aus:<\/p>\n<p><img loading=\"lazy\" decoding=\"async\" class=\"aligncenter size-full wp-image-497\" src=\"https:\/\/micks-touren.de\/wp-content\/uploads\/2017\/07\/Aar16.jpg\" alt=\"\" width=\"545\" height=\"900\" srcset=\"https:\/\/micks-touren.de\/wp-content\/uploads\/2017\/07\/Aar16.jpg 545w, https:\/\/micks-touren.de\/wp-content\/uploads\/2017\/07\/Aar16-182x300.jpg 182w, https:\/\/micks-touren.de\/wp-content\/uploads\/2017\/07\/Aar16-212x350.jpg 212w, https:\/\/micks-touren.de\/wp-content\/uploads\/2017\/07\/Aar16-91x150.jpg 91w\" sizes=\"auto, (max-width: 545px) 100vw, 545px\" \/><\/p>\n<p>Nat\u00fcrlich kann man noch viel mehr sehen und erleben. Gut, ganz billig ist die Schweiz auch nicht, aber wenn man sich eine Ferienwohnung in der N\u00e4he der deutschen Grenze sucht, kann man alle paar Tage \u00fcber die Grenze fahren und sich in Deutschland mit allem eindecken \ud83d\ude09 Wir hatten immer das Auto voll mit Essen und Getr\u00e4nken, wenn wir in die Schweiz gefahren sind. Auf dem R\u00fcckweg haben wir dann den leeren Raum mit Schokolade gef\u00fcllt \ud83d\ude00<\/p>\n","protected":false},"excerpt":{"rendered":"<p>In den letzten Jahren waren meine Frau und ich mehrere Male in der Schweiz, genauer gesagt in Aarau, der Kantonshauptstadt des Aargau. Wir haben in der N\u00e4he Freunde, die wir bei den Gelegenheiten immer mal besucht haben. Aarau ist ein nettes St\u00e4dtchen an der Aare, die auch an einem sch\u00f6nen&#8230;<\/p>\n<p class=\"continue-reading-button\"> <a class=\"continue-reading-link\" href=\"https:\/\/micks-touren.de\/?page_id=480\">Continue reading<i class=\"crycon-right-dir\"><\/i><\/a><\/p>\n","protected":false},"author":1,"featured_media":0,"parent":0,"menu_order":0,"comment_status":"open","ping_status":"closed","template":"","meta":{"footnotes":""},"class_list":["post-480","page","type-page","status-publish","hentry"],"_links":{"self":[{"href":"https:\/\/micks-touren.de\/index.php?rest_route=\/wp\/v2\/pages\/480","targetHints":{"allow":["GET"]}}],"collection":[{"href":"https:\/\/micks-touren.de\/index.php?rest_route=\/wp\/v2\/pages"}],"about":[{"href":"https:\/\/micks-touren.de\/index.php?rest_route=\/wp\/v2\/types\/page"}],"author":[{"embeddable":true,"href":"https:\/\/micks-touren.de\/index.php?rest_route=\/wp\/v2\/users\/1"}],"replies":[{"embeddable":true,"href":"https:\/\/micks-touren.de\/index.php?rest_route=%2Fwp%2Fv2%2Fcomments&post=480"}],"version-history":[{"count":5,"href":"https:\/\/micks-touren.de\/index.php?rest_route=\/wp\/v2\/pages\/480\/revisions"}],"predecessor-version":[{"id":1090,"href":"https:\/\/micks-touren.de\/index.php?rest_route=\/wp\/v2\/pages\/480\/revisions\/1090"}],"wp:attachment":[{"href":"https:\/\/micks-touren.de\/index.php?rest_route=%2Fwp%2Fv2%2Fmedia&parent=480"}],"curies":[{"name":"wp","href":"https:\/\/api.w.org\/{rel}","templated":true}]}}