{"id":22,"date":"2017-05-25T16:22:21","date_gmt":"2017-05-25T16:22:21","guid":{"rendered":"http:\/\/mini-ps.de\/?page_id=22"},"modified":"2026-08-19T15:36:55","modified_gmt":"2026-08-19T14:36:55","slug":"ueber-mich","status":"publish","type":"page","link":"https:\/\/micks-touren.de\/?page_id=22","title":{"rendered":"\u00dcber mich"},"content":{"rendered":"\n<p class=\"wp-block-paragraph\">Ich (Jahrgang 1963) bin in einer Familie mit einem Alleinverdiener und 3 Kindern aufgewachsen, da war eine Auslandsreise schon etwas Besonderes und hie\u00df in diesem Falle mit dem Auto f\u00fcr 2 Wochen nach \u00d6sterreich oder Italien. Fliegen? War nicht drin !<\/p>\n\n\n\n<p class=\"wp-block-paragraph\">Ich erinnere mich noch an meinen allerersten Flug &#8211; mit 25 Jahren !\u00a0 Auch wenn ich vorher ziemlichen Bammel hatte: Es war ein tolles Erlebnis. Seitdem ist Fliegen die bevorzugte Reiseform f\u00fcr mich. Ich bin zwar kein Vielflieger, aber seit damals habe ich 67 Fl\u00fcge absolviert. Das klingt nicht nach viel, aber wenn man bedenkt, dass ich erst in den letzten paar Jahren verst\u00e4rkt die Welt bereise, ist das schon ordentlich. Und ich habe jetzt schon mindestens dreimal so viele Fl\u00fcge hinter mir wie mein Vater in meinem Alter. Billig-Airlines sei Dank\u00a0 \ud83d\ude09<\/p>\n\n\n\n<p class=\"wp-block-paragraph\">Vor ein paar Jahren habe ich beschlossen, mehr von der Welt sehen zu wollen. Wenn man von Gran Canaria und Madeira absieht (die geografisch ja zu Afrika geh\u00f6ren, politisch aber zu Spanien bzw. Portugal), bin ich nie aus Europa rausgekommen. Aber auch das hat sich dann ge\u00e4ndert, mit meinen Reisen nach Thailand, Marrakesch und Bali. Und so soll es auch weitergehen: Irgendwann will ich noch nach Neuseeland, Costa Rica, einmal die Hurtigruten machen &#8230; F\u00fcr die n\u00e4chsten Jahre ist das erstmal ok \ud83d\ude09<\/p>\n\n\n\n<p class=\"wp-block-paragraph\">Beim Reisen habe ich meinen eigenen Rythmus: Einen Mix aus Kultur, Natur, Sight-Seeing und Strand. Und ich versuche mich weitgehend landestypisch zu ern\u00e4hren.<\/p>\n","protected":false},"excerpt":{"rendered":"<p>Ich (Jahrgang 1963) bin in einer Familie mit einem Alleinverdiener und 3 Kindern aufgewachsen, da war eine Auslandsreise schon etwas Besonderes und hie\u00df in diesem Falle mit dem Auto f\u00fcr 2 Wochen nach \u00d6sterreich oder Italien. Fliegen? War nicht drin ! Ich erinnere mich noch an meinen allerersten Flug &#8211;&#8230;<\/p>\n<p class=\"continue-reading-button\"> <a class=\"continue-reading-link\" href=\"https:\/\/micks-touren.de\/?page_id=22\">Continue reading<i class=\"crycon-right-dir\"><\/i><\/a><\/p>\n","protected":false},"author":1,"featured_media":0,"parent":0,"menu_order":0,"comment_status":"closed","ping_status":"closed","template":"","meta":{"footnotes":""},"class_list":["post-22","page","type-page","status-publish","hentry"],"_links":{"self":[{"href":"https:\/\/micks-touren.de\/index.php?rest_route=\/wp\/v2\/pages\/22","targetHints":{"allow":["GET"]}}],"collection":[{"href":"https:\/\/micks-touren.de\/index.php?rest_route=\/wp\/v2\/pages"}],"about":[{"href":"https:\/\/micks-touren.de\/index.php?rest_route=\/wp\/v2\/types\/page"}],"author":[{"embeddable":true,"href":"https:\/\/micks-touren.de\/index.php?rest_route=\/wp\/v2\/users\/1"}],"replies":[{"embeddable":true,"href":"https:\/\/micks-touren.de\/index.php?rest_route=%2Fwp%2Fv2%2Fcomments&post=22"}],"version-history":[{"count":22,"href":"https:\/\/micks-touren.de\/index.php?rest_route=\/wp\/v2\/pages\/22\/revisions"}],"predecessor-version":[{"id":1583,"href":"https:\/\/micks-touren.de\/index.php?rest_route=\/wp\/v2\/pages\/22\/revisions\/1583"}],"wp:attachment":[{"href":"https:\/\/micks-touren.de\/index.php?rest_route=%2Fwp%2Fv2%2Fmedia&parent=22"}],"curies":[{"name":"wp","href":"https:\/\/api.w.org\/{rel}","templated":true}]}}

Über mich

<p class="wp-block-paragraph">Ich (Jahrgang 1963) bin in einer Familie mit einem Alleinverdiener und 3 Kindern aufgewachsen, da war eine Auslandsreise schon etwas Besonderes und hieß in diesem Falle mit dem Auto für 2 Wochen nach Österreich oder Italien. Fliegen? War nicht drin !</p>



<p class="wp-block-paragraph">Ich erinnere mich noch an meinen allerersten Flug &#8211; mit 25 Jahren !  Auch wenn ich vorher ziemlichen Bammel hatte: Es war ein tolles Erlebnis. Seitdem ist Fliegen die bevorzugte Reiseform für mich. Ich bin zwar kein Vielflieger, aber seit damals habe ich 67 Flüge absolviert. Das klingt nicht nach viel, aber wenn man bedenkt, dass ich erst in den letzten paar Jahren verstärkt die Welt bereise, ist das schon ordentlich. Und ich habe jetzt schon mindestens dreimal so viele Flüge hinter mir wie mein Vater in meinem Alter. Billig-Airlines sei Dank  😉</p>



<p class="wp-block-paragraph">Vor ein paar Jahren habe ich beschlossen, mehr von der Welt sehen zu wollen. Wenn man von Gran Canaria und Madeira absieht (die geografisch ja zu Afrika gehören, politisch aber zu Spanien bzw. Portugal), bin ich nie aus Europa rausgekommen. Aber auch das hat sich dann geändert, mit meinen Reisen nach Thailand, Marrakesch und Bali. Und so soll es auch weitergehen: Irgendwann will ich noch nach Neuseeland, Costa Rica, einmal die Hurtigruten machen &#8230; Für die nächsten Jahre ist das erstmal ok 😉</p>



<p class="wp-block-paragraph">Beim Reisen habe ich meinen eigenen Rythmus: Einen Mix aus Kultur, Natur, Sight-Seeing und Strand. Und ich versuche mich weitgehend landestypisch zu ernähren.</p>

<p>Ich (Jahrgang 1963) bin in einer Familie mit einem Alleinverdiener und 3 Kindern aufgewachsen, da war eine Auslandsreise schon etwas Besonderes und hieß in diesem Falle mit dem Auto für 2 Wochen nach Österreich oder Italien. Fliegen? War nicht drin ! Ich erinnere mich noch an meinen allerersten Flug &#8211;&#8230;</p>
<p class="continue-reading-button"> <a class="continue-reading-link" href="https://micks-touren.de/?page_id=22">Continue reading<i class="crycon-right-dir"></i></a></p>
