{"id":1338,"date":"2023-08-10T12:43:50","date_gmt":"2023-08-10T11:43:50","guid":{"rendered":"https:\/\/micks-touren.de\/?page_id=1338"},"modified":"2023-08-31T18:01:13","modified_gmt":"2023-08-31T17:01:13","slug":"rotterdam-2023","status":"publish","type":"page","link":"https:\/\/micks-touren.de\/?page_id=1338","title":{"rendered":"Rotterdam (2023)"},"content":{"rendered":"\n<p>Wieder einmal war ich auf einem EMAG (European Mensans Annual Gathering) &#8211; zusammen mit knapp 900 Leuten aus 47 L\u00e4ndern. Diesmal in der sch\u00f6nen Stadt Rotterdam. Es war etwas Besonderes, mit einigen Freunden hatte ich n\u00e4mlich f\u00fcr die paar Tage ein festliegendes Hausboot gemietet, direkt am Stadtzentrum. <\/p>\n\n\n\n<div style=\"height:30px\" aria-hidden=\"true\" class=\"wp-block-spacer\"><\/div>\n\n\n<div class=\"wp-block-image\">\n<figure class=\"aligncenter size-full\"><img loading=\"lazy\" decoding=\"async\" width=\"900\" height=\"675\" src=\"https:\/\/micks-touren.de\/wp-content\/uploads\/2023\/08\/Rott-01.jpg\" alt=\"\" class=\"wp-image-1341\" srcset=\"https:\/\/micks-touren.de\/wp-content\/uploads\/2023\/08\/Rott-01.jpg 900w, https:\/\/micks-touren.de\/wp-content\/uploads\/2023\/08\/Rott-01-300x225.jpg 300w, https:\/\/micks-touren.de\/wp-content\/uploads\/2023\/08\/Rott-01-768x576.jpg 768w, https:\/\/micks-touren.de\/wp-content\/uploads\/2023\/08\/Rott-01-150x113.jpg 150w\" sizes=\"auto, (max-width: 900px) 100vw, 900px\" \/><\/figure><\/div>\n\n\n<div style=\"height:30px\" aria-hidden=\"true\" class=\"wp-block-spacer\"><\/div>\n\n\n\n<p>Ein paar Erl\u00e4uterungen zum EMAG: Es findet jedes Jahr gegen Ende Juli\/Anfang August in einem anderen Land statt, in der Regel wechseln die ausrichtenden L\u00e4nder zwischen West- und Osteuropa (2024 wird das Ganze in Bukarest stattfinden). Die Organisatoren vor Ort legen sich m\u00e4chtig ins Zeug und bieten Touren, Freizeitvergn\u00fcgen, Workshops, Vortr\u00e4ge und vieles mehr an. Nicht zu vergessen das abschlie\u00dfende Gala-Dinner samstagabends. Wie gesagt, diesmal war Rotterdam der Ausrichter. Und wer noch nie dort war: Kuckt es Euch an !<\/p>\n\n\n\n<p>Unser Boot lag in unmittelbarer N\u00e4he zur &#8222;Markthal&#8220;, einem riesigen halbrunden Komplex. In den Au\u00dfenmauern sind Wohnungen, im Innern jede Menge Gesch\u00e4fte und haupts\u00e4chlich Essensst\u00e4nde f\u00fcr jeden Geschmack. Nachts, wenn alles dunkel ist, kann man von au\u00dfen die Wand-und Deckenmalerei bewundern.<\/p>\n\n\n\n<div style=\"height:30px\" aria-hidden=\"true\" class=\"wp-block-spacer\"><\/div>\n\n\n<div class=\"wp-block-image\">\n<figure class=\"aligncenter size-full\"><img loading=\"lazy\" decoding=\"async\" width=\"900\" height=\"675\" src=\"https:\/\/micks-touren.de\/wp-content\/uploads\/2023\/08\/Rott-02.jpg\" alt=\"\" class=\"wp-image-1342\" srcset=\"https:\/\/micks-touren.de\/wp-content\/uploads\/2023\/08\/Rott-02.jpg 900w, https:\/\/micks-touren.de\/wp-content\/uploads\/2023\/08\/Rott-02-300x225.jpg 300w, https:\/\/micks-touren.de\/wp-content\/uploads\/2023\/08\/Rott-02-768x576.jpg 768w, https:\/\/micks-touren.de\/wp-content\/uploads\/2023\/08\/Rott-02-150x113.jpg 150w\" sizes=\"auto, (max-width: 900px) 100vw, 900px\" \/><\/figure><\/div>\n\n\n<div style=\"height:10px\" aria-hidden=\"true\" class=\"wp-block-spacer\"><\/div>\n\n\n<div class=\"wp-block-image\">\n<figure class=\"aligncenter size-full\"><img loading=\"lazy\" decoding=\"async\" width=\"900\" height=\"675\" src=\"https:\/\/micks-touren.de\/wp-content\/uploads\/2023\/08\/Rott-03.jpg\" alt=\"\" class=\"wp-image-1343\" srcset=\"https:\/\/micks-touren.de\/wp-content\/uploads\/2023\/08\/Rott-03.jpg 900w, https:\/\/micks-touren.de\/wp-content\/uploads\/2023\/08\/Rott-03-300x225.jpg 300w, https:\/\/micks-touren.de\/wp-content\/uploads\/2023\/08\/Rott-03-768x576.jpg 768w, https:\/\/micks-touren.de\/wp-content\/uploads\/2023\/08\/Rott-03-150x113.jpg 150w\" sizes=\"auto, (max-width: 900px) 100vw, 900px\" \/><\/figure><\/div>\n\n\n<div style=\"height:30px\" aria-hidden=\"true\" class=\"wp-block-spacer\"><\/div>\n\n\n\n<p>Wettertechnisch hatten wir Pech, so wie ein gro\u00dfer Teil Nordeuropas. Immer wieder nieselte es. Das hat aber niemanden vom Sightseeing abgehalten. Und das kann man in Rotterdam ausf\u00fchrlich tun. Besonders die Architektur ist interessant, kein Haus gleicht da dem anderen:<\/p>\n\n\n\n<div style=\"height:30px\" aria-hidden=\"true\" class=\"wp-block-spacer\"><\/div>\n\n\n\n<div class=\"wp-block-columns is-layout-flex wp-container-core-columns-is-layout-9d6595d7 wp-block-columns-is-layout-flex\">\n<div class=\"wp-block-column is-layout-flow wp-block-column-is-layout-flow\">\n<figure class=\"wp-block-image size-full\"><img loading=\"lazy\" decoding=\"async\" width=\"675\" height=\"900\" src=\"https:\/\/micks-touren.de\/wp-content\/uploads\/2023\/08\/Rott-04-rotated.jpg\" alt=\"\" class=\"wp-image-1346\" srcset=\"https:\/\/micks-touren.de\/wp-content\/uploads\/2023\/08\/Rott-04-rotated.jpg 675w, https:\/\/micks-touren.de\/wp-content\/uploads\/2023\/08\/Rott-04-225x300.jpg 225w, https:\/\/micks-touren.de\/wp-content\/uploads\/2023\/08\/Rott-04-113x150.jpg 113w\" sizes=\"auto, (max-width: 675px) 100vw, 675px\" \/><\/figure>\n<\/div>\n\n\n\n<div class=\"wp-block-column is-layout-flow wp-block-column-is-layout-flow\">\n<figure class=\"wp-block-image size-full\"><img loading=\"lazy\" decoding=\"async\" width=\"900\" height=\"675\" src=\"https:\/\/micks-touren.de\/wp-content\/uploads\/2023\/08\/Rott-05.jpg\" alt=\"\" class=\"wp-image-1344\" srcset=\"https:\/\/micks-touren.de\/wp-content\/uploads\/2023\/08\/Rott-05.jpg 900w, https:\/\/micks-touren.de\/wp-content\/uploads\/2023\/08\/Rott-05-300x225.jpg 300w, https:\/\/micks-touren.de\/wp-content\/uploads\/2023\/08\/Rott-05-768x576.jpg 768w, https:\/\/micks-touren.de\/wp-content\/uploads\/2023\/08\/Rott-05-150x113.jpg 150w\" sizes=\"auto, (max-width: 900px) 100vw, 900px\" \/><\/figure>\n<\/div>\n\n\n\n<div class=\"wp-block-column is-layout-flow wp-block-column-is-layout-flow\">\n<figure class=\"wp-block-image size-full\"><img loading=\"lazy\" decoding=\"async\" width=\"675\" height=\"900\" src=\"https:\/\/micks-touren.de\/wp-content\/uploads\/2023\/08\/Rott-06-rotated.jpg\" alt=\"\" class=\"wp-image-1345\" srcset=\"https:\/\/micks-touren.de\/wp-content\/uploads\/2023\/08\/Rott-06-rotated.jpg 675w, https:\/\/micks-touren.de\/wp-content\/uploads\/2023\/08\/Rott-06-225x300.jpg 225w, https:\/\/micks-touren.de\/wp-content\/uploads\/2023\/08\/Rott-06-113x150.jpg 113w\" sizes=\"auto, (max-width: 675px) 100vw, 675px\" \/><\/figure>\n<\/div>\n<\/div>\n\n\n\n<div style=\"height:30px\" aria-hidden=\"true\" class=\"wp-block-spacer\"><\/div>\n\n\n<div class=\"wp-block-image\">\n<figure class=\"aligncenter size-full\"><img loading=\"lazy\" decoding=\"async\" width=\"900\" height=\"675\" src=\"https:\/\/micks-touren.de\/wp-content\/uploads\/2023\/08\/Rott-07.jpg\" alt=\"\" class=\"wp-image-1347\" srcset=\"https:\/\/micks-touren.de\/wp-content\/uploads\/2023\/08\/Rott-07.jpg 900w, https:\/\/micks-touren.de\/wp-content\/uploads\/2023\/08\/Rott-07-300x225.jpg 300w, https:\/\/micks-touren.de\/wp-content\/uploads\/2023\/08\/Rott-07-768x576.jpg 768w, https:\/\/micks-touren.de\/wp-content\/uploads\/2023\/08\/Rott-07-150x113.jpg 150w\" sizes=\"auto, (max-width: 900px) 100vw, 900px\" \/><\/figure><\/div>\n\n\n<div style=\"height:107px\" aria-hidden=\"true\" class=\"wp-block-spacer\"><\/div>\n\n\n\n<p>Um diesen Eintrag nicht zu lange werden zu lassen, hier ein paar <strong>Tipps<\/strong>, was ich selbst gemacht und empfehlen kann:<\/p>\n\n\n\n<ol class=\"wp-block-list\">\n<li><strong>Splash Bus Tour (Parkhaven)<\/strong><\/li>\n<\/ol>\n\n\n<div class=\"wp-block-image\">\n<figure class=\"aligncenter size-full\"><img loading=\"lazy\" decoding=\"async\" width=\"900\" height=\"675\" src=\"https:\/\/micks-touren.de\/wp-content\/uploads\/2023\/08\/Rott-08.jpg\" alt=\"\" class=\"wp-image-1348\" srcset=\"https:\/\/micks-touren.de\/wp-content\/uploads\/2023\/08\/Rott-08.jpg 900w, https:\/\/micks-touren.de\/wp-content\/uploads\/2023\/08\/Rott-08-300x225.jpg 300w, https:\/\/micks-touren.de\/wp-content\/uploads\/2023\/08\/Rott-08-768x576.jpg 768w, https:\/\/micks-touren.de\/wp-content\/uploads\/2023\/08\/Rott-08-150x113.jpg 150w\" sizes=\"auto, (max-width: 900px) 100vw, 900px\" \/><\/figure><\/div>\n\n\n<p>Mit diesem Amphibienbus f\u00e4hrt man erst auf das andere Ufer der Maas und dann mitten hinein in den Fluss. Ca. 45 Minuten schippert man dann herum und sieht einiges von der Skyline Rotterdams.<\/p>\n\n\n\n<div style=\"height:30px\" aria-hidden=\"true\" class=\"wp-block-spacer\"><\/div>\n\n\n\n<p><strong>2. Pannenkoekenboot (Parkhaven)<\/strong><\/p>\n\n\n\n<p>Wer wie ich Pfannkuchen liebt, der ist hier gut aufgehoben. W\u00e4hrend einer Fahrtdauer von ca. 90 Minuten kann man so viele Pfannkuchen verdr\u00fccken, wie man schafft. Es gibt welche mit Schinken, Apfelringen und ohne alles, dazu ein kleines B\u00fcffet mit zus\u00e4tzlichen Toppings. Der Rekord liegt angeblich bei 18 (!) St\u00fcck, wir haben gerade mal 3 geschafft, weil das Schiff vollbesetzt war und die K\u00fcche kaum hinterher kam.<\/p>\n\n\n\n<div style=\"height:30px\" aria-hidden=\"true\" class=\"wp-block-spacer\"><\/div>\n\n\n\n<p><strong>3. Euromast (Parkhaven)<\/strong><\/p>\n\n\n\n<div class=\"wp-block-columns is-layout-flex wp-container-core-columns-is-layout-9d6595d7 wp-block-columns-is-layout-flex\">\n<div class=\"wp-block-column is-layout-flow wp-block-column-is-layout-flow\">\n<figure class=\"wp-block-image size-full\"><img loading=\"lazy\" decoding=\"async\" width=\"675\" height=\"900\" src=\"https:\/\/micks-touren.de\/wp-content\/uploads\/2023\/08\/Rott-09-rotated.jpg\" alt=\"\" class=\"wp-image-1349\" srcset=\"https:\/\/micks-touren.de\/wp-content\/uploads\/2023\/08\/Rott-09-rotated.jpg 675w, https:\/\/micks-touren.de\/wp-content\/uploads\/2023\/08\/Rott-09-225x300.jpg 225w, https:\/\/micks-touren.de\/wp-content\/uploads\/2023\/08\/Rott-09-113x150.jpg 113w\" sizes=\"auto, (max-width: 675px) 100vw, 675px\" \/><\/figure>\n<\/div>\n\n\n\n<div class=\"wp-block-column is-layout-flow wp-block-column-is-layout-flow\">\n<figure class=\"wp-block-image size-full\"><img loading=\"lazy\" decoding=\"async\" width=\"675\" height=\"900\" src=\"https:\/\/micks-touren.de\/wp-content\/uploads\/2023\/08\/Rott-11-rotated.jpg\" alt=\"\" class=\"wp-image-1350\" srcset=\"https:\/\/micks-touren.de\/wp-content\/uploads\/2023\/08\/Rott-11-rotated.jpg 675w, https:\/\/micks-touren.de\/wp-content\/uploads\/2023\/08\/Rott-11-225x300.jpg 225w, https:\/\/micks-touren.de\/wp-content\/uploads\/2023\/08\/Rott-11-113x150.jpg 113w\" sizes=\"auto, (max-width: 675px) 100vw, 675px\" \/><\/figure>\n<\/div>\n<\/div>\n\n\n\n<div style=\"height:30px\" aria-hidden=\"true\" class=\"wp-block-spacer\"><\/div>\n\n\n<div class=\"wp-block-image\">\n<figure class=\"aligncenter size-full\"><img loading=\"lazy\" decoding=\"async\" width=\"900\" height=\"279\" src=\"https:\/\/micks-touren.de\/wp-content\/uploads\/2023\/08\/Rott-10.jpg\" alt=\"\" class=\"wp-image-1351\" srcset=\"https:\/\/micks-touren.de\/wp-content\/uploads\/2023\/08\/Rott-10.jpg 900w, https:\/\/micks-touren.de\/wp-content\/uploads\/2023\/08\/Rott-10-300x93.jpg 300w, https:\/\/micks-touren.de\/wp-content\/uploads\/2023\/08\/Rott-10-768x238.jpg 768w, https:\/\/micks-touren.de\/wp-content\/uploads\/2023\/08\/Rott-10-150x47.jpg 150w\" sizes=\"auto, (max-width: 900px) 100vw, 900px\" \/><\/figure><\/div>\n\n\n<div style=\"height:30px\" aria-hidden=\"true\" class=\"wp-block-spacer\"><\/div>\n\n\n\n<p>Der Euromast ist ein Aussichtsturm mit einem fantastischen Rundumblick. Wagemutige k\u00f6nnen mit einer runden Au\u00dfenkabine ganz nach oben fahren. Waghalsige k\u00f6nnen sich ab der mittleren Stufe sogar am Turm abseilen (darauf habe ich allerdings verzichtet). <\/p>\n\n\n\n<div style=\"height:30px\" aria-hidden=\"true\" class=\"wp-block-spacer\"><\/div>\n\n\n\n<p><strong>4. Depot Boijmans Van Beuningen<\/strong><\/p>\n\n\n<div class=\"wp-block-image\">\n<figure class=\"aligncenter size-full\"><img loading=\"lazy\" decoding=\"async\" width=\"900\" height=\"675\" src=\"https:\/\/micks-touren.de\/wp-content\/uploads\/2023\/08\/Rott-12.jpg\" alt=\"\" class=\"wp-image-1352\" srcset=\"https:\/\/micks-touren.de\/wp-content\/uploads\/2023\/08\/Rott-12.jpg 900w, https:\/\/micks-touren.de\/wp-content\/uploads\/2023\/08\/Rott-12-300x225.jpg 300w, https:\/\/micks-touren.de\/wp-content\/uploads\/2023\/08\/Rott-12-768x576.jpg 768w, https:\/\/micks-touren.de\/wp-content\/uploads\/2023\/08\/Rott-12-150x113.jpg 150w\" sizes=\"auto, (max-width: 900px) 100vw, 900px\" \/><\/figure><\/div>\n\n\n<div style=\"height:30px\" aria-hidden=\"true\" class=\"wp-block-spacer\"><\/div>\n\n\n\n<p>Wohin mit den Kunstwerken, wenn ein Museum gerade renoviert wird? Daf\u00fcr gibt es das Depot Boijmans Van Beuningen. Leider war ich zu fr\u00fch dran, es hatte noch geschlossen und bei mir stand 2 Stunden sp\u00e4ter schon etwas anderes auf dem Programmzettel, aber auch von au\u00dfen ist es beeindruckend.<\/p>\n\n\n\n<p>Noch ein weiterer <strong>TIPP<\/strong>: Mit der Metro-Line B kann man bis zum Strand Hoek van Holland fahren. Freunde von mir haben das gemacht und sch\u00f6ne Bilder geschickt. <\/p>\n\n\n\n<p>Und nun noch ein paar Bilder, was ich sonst noch so gesehen habe:<\/p>\n\n\n\n<div class=\"alignnormal\"><div id=\"metaslider-id-1380\" style=\"width: 100%; margin: 0 auto;\" class=\"ml-slider-3-108-0 metaslider metaslider-flex metaslider-1380 ml-slider has-dots-nav ms-theme-default\" role=\"region\" aria-label=\"New Slideshow\" data-height=\"600\" data-width=\"800\">\n    <div id=\"metaslider_container_1380\">\n        <div id=\"metaslider_1380\">\n            <ul class='slides'>\n                <li style=\"display: block; width: 100%;\" class=\"slide-1381 ms-image \" aria-roledescription=\"slide\" data-date=\"2023-08-31 17:53:10\" data-filename=\"Rott-16-1-800x600.jpg\" data-slide-type=\"image\"><img loading=\"lazy\" decoding=\"async\" src=\"https:\/\/micks-touren.de\/wp-content\/uploads\/2023\/08\/Rott-16-1-800x600.jpg\" height=\"600\" width=\"800\" alt=\"\" class=\"slider-1380 slide-1381 msDefaultImage\" title=\"Rott-16-1\" \/><div class=\"caption-wrap\"><div class=\"caption\">SS Rotterdam, ein Hotelschiff<\/div><\/div><\/li>\n                <li style=\"display: none; width: 100%;\" class=\"slide-1382 ms-image \" aria-roledescription=\"slide\" data-date=\"2023-08-31 17:53:10\" data-filename=\"Rott-15-1-800x600.jpg\" data-slide-type=\"image\"><img loading=\"lazy\" decoding=\"async\" src=\"https:\/\/micks-touren.de\/wp-content\/uploads\/2023\/08\/Rott-15-1-800x600.jpg\" height=\"600\" width=\"800\" alt=\"\" class=\"slider-1380 slide-1382 msDefaultImage\" title=\"Rott-15-1\" \/><div class=\"caption-wrap\"><div class=\"caption\">Fahrt mit dem Wassertaxi<\/div><\/div><\/li>\n                <li style=\"display: none; width: 100%;\" class=\"slide-1383 ms-image \" aria-roledescription=\"slide\" data-date=\"2023-08-31 17:53:10\" data-filename=\"Rott-17-800x600.jpg\" data-slide-type=\"image\"><img loading=\"lazy\" decoding=\"async\" src=\"https:\/\/micks-touren.de\/wp-content\/uploads\/2023\/08\/Rott-17-800x600.jpg\" height=\"600\" width=\"800\" alt=\"\" class=\"slider-1380 slide-1383 msDefaultImage\" title=\"Rott-17\" \/><div class=\"caption-wrap\"><div class=\"caption\">Idylle am Kanal<\/div><\/div><\/li>\n                <li style=\"display: none; width: 100%;\" class=\"slide-1384 ms-image \" aria-roledescription=\"slide\" data-date=\"2023-08-31 17:53:10\" data-filename=\"Rott-18-rotated-800x600.jpg\" data-slide-type=\"image\"><img loading=\"lazy\" decoding=\"async\" src=\"https:\/\/micks-touren.de\/wp-content\/uploads\/2023\/08\/Rott-18-rotated-800x600.jpg\" height=\"600\" width=\"800\" alt=\"\" class=\"slider-1380 slide-1384 msDefaultImage\" title=\"Rott-18\" \/><div class=\"caption-wrap\"><div class=\"caption\">Statue am Maritim-Museum<\/div><\/div><\/li>\n                <li style=\"display: none; width: 100%;\" class=\"slide-1385 ms-image \" aria-roledescription=\"slide\" data-date=\"2023-08-31 17:53:10\" data-filename=\"Rott-13-rotated-800x600.jpg\" data-slide-type=\"image\"><img loading=\"lazy\" decoding=\"async\" src=\"https:\/\/micks-touren.de\/wp-content\/uploads\/2023\/08\/Rott-13-rotated-800x600.jpg\" height=\"600\" width=\"800\" alt=\"\" class=\"slider-1380 slide-1385 msDefaultImage\" title=\"Rott-13\" \/><div class=\"caption-wrap\"><div class=\"caption\">Das World Trade Center von Rotterdam<\/div><\/div><\/li>\n                <li style=\"display: none; width: 100%;\" class=\"slide-1386 ms-image \" aria-roledescription=\"slide\" data-date=\"2023-08-31 17:53:11\" data-filename=\"Rott-19-rotated-800x600.jpg\" data-slide-type=\"image\"><img loading=\"lazy\" decoding=\"async\" src=\"https:\/\/micks-touren.de\/wp-content\/uploads\/2023\/08\/Rott-19-rotated-800x600.jpg\" height=\"600\" width=\"800\" alt=\"\" class=\"slider-1380 slide-1386 msDefaultImage\" title=\"Rott-19\" \/><div class=\"caption-wrap\"><div class=\"caption\">Irgendwo in der City<\/div><\/div><\/li>\n                <li style=\"display: none; width: 100%;\" class=\"slide-1390 ms-image \" aria-roledescription=\"slide\" data-date=\"2023-08-31 17:58:40\" data-filename=\"Rott-14-800x600.jpg\" data-slide-type=\"image\"><img loading=\"lazy\" decoding=\"async\" src=\"https:\/\/micks-touren.de\/wp-content\/uploads\/2023\/08\/Rott-14-800x600.jpg\" height=\"600\" width=\"800\" alt=\"\" class=\"slider-1380 slide-1390 msDefaultImage\" title=\"Rott-14\" \/><div class=\"caption-wrap\"><div class=\"caption\">Gala-Dinner in der Laurenskerk<\/div><\/div><\/li>\n            <\/ul>\n        <\/div>\n        \n    <\/div>\n<\/div><\/div>\n\n\n\n<div class=\"wp-block-group\"><div class=\"wp-block-group__inner-container is-layout-constrained wp-block-group-is-layout-constrained\"><\/div><\/div>\n\n\n\n<div style=\"height:100px\" aria-hidden=\"true\" class=\"wp-block-spacer\"><\/div>\n","protected":false},"excerpt":{"rendered":"<p>Wieder einmal war ich auf einem EMAG (European Mensans Annual Gathering) &#8211; zusammen mit knapp 900 Leuten aus 47 L\u00e4ndern. Diesmal in der sch\u00f6nen Stadt Rotterdam. Es war etwas Besonderes, mit einigen Freunden hatte ich n\u00e4mlich f\u00fcr die paar Tage ein festliegendes Hausboot gemietet, direkt am Stadtzentrum. Ein paar Erl\u00e4uterungen&#8230;<\/p>\n<p class=\"continue-reading-button\"> <a class=\"continue-reading-link\" href=\"https:\/\/micks-touren.de\/?page_id=1338\">Continue reading<i class=\"crycon-right-dir\"><\/i><\/a><\/p>\n","protected":false},"author":1,"featured_media":0,"parent":0,"menu_order":0,"comment_status":"open","ping_status":"closed","template":"","meta":{"footnotes":""},"class_list":["post-1338","page","type-page","status-publish","hentry"],"_links":{"self":[{"href":"https:\/\/micks-touren.de\/index.php?rest_route=\/wp\/v2\/pages\/1338","targetHints":{"allow":["GET"]}}],"collection":[{"href":"https:\/\/micks-touren.de\/index.php?rest_route=\/wp\/v2\/pages"}],"about":[{"href":"https:\/\/micks-touren.de\/index.php?rest_route=\/wp\/v2\/types\/page"}],"author":[{"embeddable":true,"href":"https:\/\/micks-touren.de\/index.php?rest_route=\/wp\/v2\/users\/1"}],"replies":[{"embeddable":true,"href":"https:\/\/micks-touren.de\/index.php?rest_route=%2Fwp%2Fv2%2Fcomments&post=1338"}],"version-history":[{"count":18,"href":"https:\/\/micks-touren.de\/index.php?rest_route=\/wp\/v2\/pages\/1338\/revisions"}],"predecessor-version":[{"id":1391,"href":"https:\/\/micks-touren.de\/index.php?rest_route=\/wp\/v2\/pages\/1338\/revisions\/1391"}],"wp:attachment":[{"href":"https:\/\/micks-touren.de\/index.php?rest_route=%2Fwp%2Fv2%2Fmedia&parent=1338"}],"curies":[{"name":"wp","href":"https:\/\/api.w.org\/{rel}","templated":true}]}}